{"id":7391,"date":"2016-05-26T18:11:26","date_gmt":"2016-05-26T17:11:26","guid":{"rendered":"http:\/\/www.mylene.net\/mfv3atw\/galeries-photos-mf\/?page_id=7391"},"modified":"2025-03-26T08:27:13","modified_gmt":"2025-03-26T07:27:13","slug":"photographe-ralph-wenig-2015","status":"publish","type":"page","link":"https:\/\/mig.mylene.net\/galeries-photos-mylene-farmer\/photographe-ralph-wenig-2015","title":{"rendered":"Myl\u00e8ne Farmer &#8211; Photographe Ralph Wenig &#8211; 2015"},"content":{"rendered":"ngg_shortcode_0_placeholder\n<div class=\"galerie_description\">\n<div class=\"galerie_description_table\">\n<div class=\"galerie_description_line\">\n<div class=\"title themecolored\">Photographe<\/div>\n<div class=\"content\">Ralph Wenig<\/div>\n<\/div>\n<div class=\"galerie_description_line\">\n<div class=\"title themecolored\">Date<\/div>\n<div class=\"content\">9 septembre 2015<\/div>\n<\/div>\n<div class=\"galerie_description_line\">\n<div class=\"title themecolored\">Lieu<\/div>\n<div class=\"content\">Paris, France<\/div>\n<\/div>\n<\/div>\n<\/div>\n<p>&nbsp;<\/p>\n<div class=\"galerie_description_fullline with_border\">\n<p>S\u00e9ance photos pour l&rsquo;album <em>Interstellaires<\/em> (pochette, livret, promotion).<\/p>\n<p>Maquillage : Christophe Danchaud.<\/p>\n<p>A propos de cette s\u00e9ance photo, Myl\u00e8ne a d\u00e9clar\u00e9 \u00e0 la radio suisse Option Musique dans une <a href=\"http:\/\/www.mylene.net\/modules\/index.php?r=4&amp;z=4433\">interview diffus\u00e9e en janvier 2016<\/a> : \u00ab\u00a0<em>Je suis, si je puis dire, \u00e0 l&rsquo;origine (\u2026) du choix du photographe, et j&rsquo;\u00e9tais tr\u00e8s heureuse de travailler avec lui, parce que lui m&rsquo;a amen\u00e9 un univers incroyable. (\u2026) J&rsquo;avais en fait donn\u00e9 deux mots cl\u00e9s \u00e0 Ralph, je lui avais dit effectivement \u00ab\u00a0Interstellaires\u00a0\u00bb qui est le titre de l&rsquo;album, je lui avais parl\u00e9 de voie lact\u00e9e, et puis de douceur surtout, de quelque chose d&rsquo;intemporel.<\/em>\u00a0\u00bb<br \/>\nConcernant l&rsquo;aspect de \u00ab\u00a0poudre\u00a0\u00bb que l&rsquo;on retrouve sur certains clich\u00e9s, Myl\u00e8ne expliquait : \u00ab\u00a0<em>Il s&rsquo;agit de poudre de talc et de poudre pigment\u00e9e. C&rsquo;\u00e9tait pour justement pour repr\u00e9senter les n\u00e9buleuses, l&rsquo;interstellaire, les \u00e9toiles, et \u00e7a a dur\u00e9 quelques&#8230; quelques&#8230; huit fois en tout, je crois, on m&rsquo;a envoy\u00e9 de la poudre sur le visage. Non, non, ce n&rsquo;\u00e9tait pas d\u00e9sagr\u00e9able, difficile par contre pour avoir la bonne image. \u00c7a se fait dans le moment, en direct.<\/em>\u00a0\u00bb<\/p>\n<\/div>\n","protected":false},"excerpt":{"rendered":"<p>Photographe Ralph Wenig Date 9 septembre 2015 Lieu Paris, France &nbsp; S\u00e9ance photos pour l&rsquo;album Interstellaires (pochette, livret, promotion). Maquillage : Christophe Danchaud. A propos de cette s\u00e9ance photo, Myl\u00e8ne a d\u00e9clar\u00e9 \u00e0 la radio suisse Option Musique dans une interview diffus\u00e9e en janvier 2016 : \u00ab\u00a0Je suis, si je puis dire, \u00e0 l&rsquo;origine (\u2026) &hellip; <a href=\"https:\/\/mig.mylene.net\/galeries-photos-mylene-farmer\/photographe-ralph-wenig-2015\" class=\"more-link\">Continue reading<span class=\"screen-reader-text\"> \u00ab\u00a0Myl\u00e8ne Farmer &#8211; Photographe Ralph Wenig &#8211; 2015\u00a0\u00bb<\/span><\/a><\/p>\n","protected":false},"author":2,"featured_media":0,"parent":0,"menu_order":0,"comment_status":"closed","ping_status":"closed","template":"","meta":{"_acf_changed":false,"ngg_post_thumbnail":0,"footnotes":""},"class_list":["post-7391","page","type-page","status-publish","hentry"],"acf":[],"_links":{"self":[{"href":"https:\/\/mig.mylene.net\/galeries-photos-mylene-farmer\/wp-json\/wp\/v2\/pages\/7391","targetHints":{"allow":["GET"]}}],"collection":[{"href":"https:\/\/mig.mylene.net\/galeries-photos-mylene-farmer\/wp-json\/wp\/v2\/pages"}],"about":[{"href":"https:\/\/mig.mylene.net\/galeries-photos-mylene-farmer\/wp-json\/wp\/v2\/types\/page"}],"author":[{"embeddable":true,"href":"https:\/\/mig.mylene.net\/galeries-photos-mylene-farmer\/wp-json\/wp\/v2\/users\/2"}],"replies":[{"embeddable":true,"href":"https:\/\/mig.mylene.net\/galeries-photos-mylene-farmer\/wp-json\/wp\/v2\/comments?post=7391"}],"version-history":[{"count":1,"href":"https:\/\/mig.mylene.net\/galeries-photos-mylene-farmer\/wp-json\/wp\/v2\/pages\/7391\/revisions"}],"predecessor-version":[{"id":24615,"href":"https:\/\/mig.mylene.net\/galeries-photos-mylene-farmer\/wp-json\/wp\/v2\/pages\/7391\/revisions\/24615"}],"wp:attachment":[{"href":"https:\/\/mig.mylene.net\/galeries-photos-mylene-farmer\/wp-json\/wp\/v2\/media?parent=7391"}],"curies":[{"name":"wp","href":"https:\/\/api.w.org\/{rel}","templated":true}]}}