{"id":6645,"date":"2016-05-25T20:17:38","date_gmt":"2016-05-25T19:17:38","guid":{"rendered":"http:\/\/www.mylene.net\/mfv3atw\/galeries-photos-mf\/?page_id=6645"},"modified":"2025-08-21T17:08:39","modified_gmt":"2025-08-21T15:08:39","slug":"photographe-nathalie-delepine-2010","status":"publish","type":"page","link":"https:\/\/mig.mylene.net\/galeries-photos-mylene-farmer\/photographe-nathalie-delepine-2010","title":{"rendered":"Mylene Farmer &#8211; Photographe Nathalie Del\u00e9pine &#8211; 2010"},"content":{"rendered":"ngg_shortcode_0_placeholder\nngg_shortcode_1_placeholder\nngg_shortcode_2_placeholder\nngg_shortcode_3_placeholder\n<div class=\"galerie_description\">\n<div class=\"galerie_description_table\">\n<div class=\"galerie_description_line\">\n<div class=\"title themecolored\">Photographe<\/div>\n<div class=\"content\">Nathalie Del\u00e9pine<\/div>\n<\/div>\n<div class=\"galerie_description_line\">\n<div class=\"title themecolored\">Date<\/div>\n<div class=\"content\">2010<\/div>\n<\/div>\n<div class=\"galerie_description_line\">\n<div class=\"title themecolored\">Lieu<\/div>\n<div class=\"content\">Londres, Royaume-Uni &amp; Corse, France &amp; New York, Etats-Unis<\/div>\n<\/div>\n<\/div>\n<\/div>\n<p>&nbsp;<\/p>\n<div class=\"galerie_description_fullline with_border\">\n<p>Plusieurs photos utilis\u00e9es pour l&rsquo;album <em>Bleu Noir <\/em>(pochette \/ livret).<br \/>\nD&rsquo;autres photos publi\u00e9es dans la presse : \u00ab\u00a0Paris Match\u00a0\u00bb du 02 d\u00e9cembre 2010, \u00ab\u00a0TV Magazine\u00a0\u00bb du 17 juillet 2011, Fanzine \u00ab\u00a0IAO\u00a0\u00bb de 2011.<\/p>\n<p>Certaines photos \u00e0 Londres ont \u00e9t\u00e9 prises \u00e0 l&rsquo;H\u00f4tel Covent Garden.<br \/>\nLes photos de Corse ont \u00e9t\u00e9 prises sur une plage \u00e0 proximit\u00e9 de Pianottoli-Caldarello (ville dans laquelle Myl\u00e8ne a une maison).<\/p>\n<p>Des photos de Corse sont cr\u00e9dit\u00e9es de la date du 3 novembre 2010 et des photos prises \u00e0 Londres du 29 novembre 2010.<\/p>\n<\/div>\n","protected":false},"excerpt":{"rendered":"<p>&nbsp; &nbsp; &nbsp; Photographe Nathalie Del\u00e9pine Date 2010 Lieu Londres, Royaume-Uni &amp; Corse, France &amp; New York, Etats-Unis &nbsp; Plusieurs photos utilis\u00e9es pour l&rsquo;album Bleu Noir (pochette \/ livret). D&rsquo;autres photos publi\u00e9es dans la presse : \u00ab\u00a0Paris Match\u00a0\u00bb du 02 d\u00e9cembre 2010, \u00ab\u00a0TV Magazine\u00a0\u00bb du 17 juillet 2011, Fanzine \u00ab\u00a0IAO\u00a0\u00bb de 2011. Certaines photos \u00e0 &hellip; <a href=\"https:\/\/mig.mylene.net\/galeries-photos-mylene-farmer\/photographe-nathalie-delepine-2010\" class=\"more-link\">Continue reading<span class=\"screen-reader-text\"> \u00ab\u00a0Mylene Farmer &#8211; Photographe Nathalie Del\u00e9pine &#8211; 2010\u00a0\u00bb<\/span><\/a><\/p>\n","protected":false},"author":2,"featured_media":0,"parent":0,"menu_order":0,"comment_status":"closed","ping_status":"closed","template":"","meta":{"_acf_changed":false,"ngg_post_thumbnail":0,"footnotes":""},"class_list":["post-6645","page","type-page","status-publish","hentry"],"acf":[],"_links":{"self":[{"href":"https:\/\/mig.mylene.net\/galeries-photos-mylene-farmer\/wp-json\/wp\/v2\/pages\/6645","targetHints":{"allow":["GET"]}}],"collection":[{"href":"https:\/\/mig.mylene.net\/galeries-photos-mylene-farmer\/wp-json\/wp\/v2\/pages"}],"about":[{"href":"https:\/\/mig.mylene.net\/galeries-photos-mylene-farmer\/wp-json\/wp\/v2\/types\/page"}],"author":[{"embeddable":true,"href":"https:\/\/mig.mylene.net\/galeries-photos-mylene-farmer\/wp-json\/wp\/v2\/users\/2"}],"replies":[{"embeddable":true,"href":"https:\/\/mig.mylene.net\/galeries-photos-mylene-farmer\/wp-json\/wp\/v2\/comments?post=6645"}],"version-history":[{"count":2,"href":"https:\/\/mig.mylene.net\/galeries-photos-mylene-farmer\/wp-json\/wp\/v2\/pages\/6645\/revisions"}],"predecessor-version":[{"id":24965,"href":"https:\/\/mig.mylene.net\/galeries-photos-mylene-farmer\/wp-json\/wp\/v2\/pages\/6645\/revisions\/24965"}],"wp:attachment":[{"href":"https:\/\/mig.mylene.net\/galeries-photos-mylene-farmer\/wp-json\/wp\/v2\/media?parent=6645"}],"curies":[{"name":"wp","href":"https:\/\/api.w.org\/{rel}","templated":true}]}}