{"id":6132,"date":"2016-05-25T19:34:21","date_gmt":"2016-05-25T18:34:21","guid":{"rendered":"http:\/\/www.mylene.net\/mfv3atw\/galeries-photos-mf\/?page_id=6132"},"modified":"2025-08-17T10:11:00","modified_gmt":"2025-08-17T08:11:00","slug":"avant-premiere-arthur-et-les-minimoys-27-novembre-2006","status":"publish","type":"page","link":"https:\/\/mig.mylene.net\/galeries-photos-mylene-farmer\/avant-premiere-arthur-et-les-minimoys-27-novembre-2006","title":{"rendered":"Myl\u00e8ne Farmer &#8211; Avant-premi\u00e8re Arthur et les Minimoys &#8211; 27 novembre 2006"},"content":{"rendered":"ngg_shortcode_0_placeholder\n<div class=\"galerie_description\">\n<div class=\"galerie_description_table\">\n<div class=\"galerie_description_line\">\n<div class=\"title themecolored\">Photographes<\/div>\n<div class=\"content\">Divers<\/div>\n<\/div>\n<div class=\"galerie_description_line\">\n<div class=\"title themecolored\">Date<\/div>\n<div class=\"content\">27 novembre 2006<\/div>\n<\/div>\n<div class=\"galerie_description_line\">\n<div class=\"title themecolored\">Lieu<\/div>\n<div class=\"content\">Gaumont Marignan, Champs-Elys\u00e9es, Paris, France<\/div>\n<\/div>\n<\/div>\n<\/div>\n<p>&nbsp;<\/p>\n<div class=\"galerie_description_fullline with_border\">\n<p><em>Arthur et les Minimoys<\/em> est le premier volet de la trilogie <em>Arthur<\/em> r\u00e9alis\u00e9e par Luc Besson et dans laquelle Myl\u00e8ne Farmer pr\u00eate sa voix au personnage de la Princesse S\u00e9l\u00e9nia.<\/p>\n<p>Elle est accompagn\u00e9e de Luc Bessson \u00e0 l&rsquo;avant-premi\u00e8re fran\u00e7aise du film.<\/p>\n<\/div>\n","protected":false},"excerpt":{"rendered":"<p>&nbsp; Photographes Divers Date 27 novembre 2006 Lieu Gaumont Marignan, Champs-Elys\u00e9es, Paris, France &nbsp; Arthur et les Minimoys est le premier volet de la trilogie Arthur r\u00e9alis\u00e9e par Luc Besson et dans laquelle Myl\u00e8ne Farmer pr\u00eate sa voix au personnage de la Princesse S\u00e9l\u00e9nia. Elle est accompagn\u00e9e de Luc Bessson \u00e0 l&rsquo;avant-premi\u00e8re fran\u00e7aise du film.<\/p>\n","protected":false},"author":2,"featured_media":0,"parent":0,"menu_order":0,"comment_status":"closed","ping_status":"closed","template":"","meta":{"_acf_changed":false,"ngg_post_thumbnail":0,"footnotes":""},"class_list":["post-6132","page","type-page","status-publish","hentry"],"acf":[],"_links":{"self":[{"href":"https:\/\/mig.mylene.net\/galeries-photos-mylene-farmer\/wp-json\/wp\/v2\/pages\/6132","targetHints":{"allow":["GET"]}}],"collection":[{"href":"https:\/\/mig.mylene.net\/galeries-photos-mylene-farmer\/wp-json\/wp\/v2\/pages"}],"about":[{"href":"https:\/\/mig.mylene.net\/galeries-photos-mylene-farmer\/wp-json\/wp\/v2\/types\/page"}],"author":[{"embeddable":true,"href":"https:\/\/mig.mylene.net\/galeries-photos-mylene-farmer\/wp-json\/wp\/v2\/users\/2"}],"replies":[{"embeddable":true,"href":"https:\/\/mig.mylene.net\/galeries-photos-mylene-farmer\/wp-json\/wp\/v2\/comments?post=6132"}],"version-history":[{"count":1,"href":"https:\/\/mig.mylene.net\/galeries-photos-mylene-farmer\/wp-json\/wp\/v2\/pages\/6132\/revisions"}],"predecessor-version":[{"id":24936,"href":"https:\/\/mig.mylene.net\/galeries-photos-mylene-farmer\/wp-json\/wp\/v2\/pages\/6132\/revisions\/24936"}],"wp:attachment":[{"href":"https:\/\/mig.mylene.net\/galeries-photos-mylene-farmer\/wp-json\/wp\/v2\/media?parent=6132"}],"curies":[{"name":"wp","href":"https:\/\/api.w.org\/{rel}","templated":true}]}}