{"id":6018,"date":"2016-05-25T19:17:48","date_gmt":"2016-05-25T18:17:48","guid":{"rendered":"http:\/\/www.mylene.net\/mfv3atw\/galeries-photos-mf\/?page_id=6018"},"modified":"2025-08-10T20:33:43","modified_gmt":"2025-08-10T18:33:43","slug":"nrj-music-awards-2003-award","status":"publish","type":"page","link":"https:\/\/mig.mylene.net\/galeries-photos-mylene-farmer\/nrj-music-awards-2003-award","title":{"rendered":"Myl\u00e8ne Farmer &#8211; NRJ Music Awards 2003 &#8211; Award"},"content":{"rendered":"<p>ngg_shortcode_0_placeholder<br \/>\nngg_shortcode_1_placeholder<\/p>\n<div class=\"galerie_description\">\n<div class=\"galerie_description_table\">\n<div class=\"galerie_description_line\">\n<div class=\"title themecolored\">Photographes<\/div>\n<div class=\"content\">Divers<\/div>\n<\/div>\n<div class=\"galerie_description_line\">\n<div class=\"title themecolored\">Date<\/div>\n<div class=\"content\">18 janvier 2003<\/div>\n<\/div>\n<div class=\"galerie_description_line\">\n<div class=\"title themecolored\">Lieu<\/div>\n<div class=\"content\">Palais des Festivals, Cannes, France<\/div>\n<\/div>\n<\/div>\n<\/div>\n<p>&nbsp;<\/p>\n<div class=\"galerie_description_fullline with_border\">\n<p>Myl\u00e8ne remporte pour la quatri\u00e8me ann\u00e9e cons\u00e9cutive l&rsquo;Award de l&rsquo;artiste f\u00e9minine francophone de l&rsquo;ann\u00e9e.<br \/>\nLes autres chanteuses nomm\u00e9es \u00e9taient : Eve Angeli, Natasha St-Pier, Oph\u00e9lie Winter et Zazie.<br \/>\nLe troph\u00e9e lui est remis par Marc Lavoine et Truth Hurts.<\/p>\n<p><a href=\"http:\/\/www.mylene.net\/modules\/index.php?r=363\">Videos \u00ab\u00a0NRJ Music Awards 2003\u00a0\u00bb<\/a><\/p>\n<\/div>\n","protected":false},"excerpt":{"rendered":"<p>Photographes Divers Date 18 janvier 2003 Lieu Palais des Festivals, Cannes, France &nbsp; Myl\u00e8ne remporte pour la quatri\u00e8me ann\u00e9e cons\u00e9cutive l&rsquo;Award de l&rsquo;artiste f\u00e9minine francophone de l&rsquo;ann\u00e9e. Les autres chanteuses nomm\u00e9es \u00e9taient : Eve Angeli, Natasha St-Pier, Oph\u00e9lie Winter et Zazie. Le troph\u00e9e lui est remis par Marc Lavoine et Truth Hurts. Videos \u00ab\u00a0NRJ Music &hellip; <a href=\"https:\/\/mig.mylene.net\/galeries-photos-mylene-farmer\/nrj-music-awards-2003-award\" class=\"more-link\">Continue reading<span class=\"screen-reader-text\"> \u00ab\u00a0Myl\u00e8ne Farmer &#8211; NRJ Music Awards 2003 &#8211; Award\u00a0\u00bb<\/span><\/a><\/p>\n","protected":false},"author":2,"featured_media":0,"parent":0,"menu_order":0,"comment_status":"closed","ping_status":"closed","template":"","meta":{"_acf_changed":false,"ngg_post_thumbnail":0,"footnotes":""},"class_list":["post-6018","page","type-page","status-publish","hentry"],"acf":[],"_links":{"self":[{"href":"https:\/\/mig.mylene.net\/galeries-photos-mylene-farmer\/wp-json\/wp\/v2\/pages\/6018","targetHints":{"allow":["GET"]}}],"collection":[{"href":"https:\/\/mig.mylene.net\/galeries-photos-mylene-farmer\/wp-json\/wp\/v2\/pages"}],"about":[{"href":"https:\/\/mig.mylene.net\/galeries-photos-mylene-farmer\/wp-json\/wp\/v2\/types\/page"}],"author":[{"embeddable":true,"href":"https:\/\/mig.mylene.net\/galeries-photos-mylene-farmer\/wp-json\/wp\/v2\/users\/2"}],"replies":[{"embeddable":true,"href":"https:\/\/mig.mylene.net\/galeries-photos-mylene-farmer\/wp-json\/wp\/v2\/comments?post=6018"}],"version-history":[{"count":1,"href":"https:\/\/mig.mylene.net\/galeries-photos-mylene-farmer\/wp-json\/wp\/v2\/pages\/6018\/revisions"}],"predecessor-version":[{"id":24886,"href":"https:\/\/mig.mylene.net\/galeries-photos-mylene-farmer\/wp-json\/wp\/v2\/pages\/6018\/revisions\/24886"}],"wp:attachment":[{"href":"https:\/\/mig.mylene.net\/galeries-photos-mylene-farmer\/wp-json\/wp\/v2\/media?parent=6018"}],"curies":[{"name":"wp","href":"https:\/\/api.w.org\/{rel}","templated":true}]}}