{"id":5699,"date":"2016-05-25T18:44:50","date_gmt":"2016-05-25T17:44:50","guid":{"rendered":"http:\/\/www.mylene.net\/mfv3atw\/galeries-photos-mf\/?page_id=5699"},"modified":"2025-03-25T15:56:14","modified_gmt":"2025-03-25T14:56:14","slug":"nrj-music-awards-2000-prestation-22-janvier-2000","status":"publish","type":"page","link":"https:\/\/mig.mylene.net\/galeries-photos-mylene-farmer\/nrj-music-awards-2000-prestation-22-janvier-2000","title":{"rendered":"Myl\u00e8ne Farmer &#8211; NRJ Music Awards 2000 &#8211; Prestation &#8211; 22 janvier 2000"},"content":{"rendered":"ngg_shortcode_0_placeholder\n<div class=\"galerie_description\">\n<div class=\"galerie_description_table\">\n<div class=\"galerie_description_line\">\n<div class=\"title themecolored\">Photographes<\/div>\n<div class=\"content\">Divers<\/div>\n<\/div>\n<div class=\"galerie_description_line\">\n<div class=\"title themecolored\">Date<\/div>\n<div class=\"content\">22 janvier 2000<\/div>\n<\/div>\n<div class=\"galerie_description_line\">\n<div class=\"title themecolored\">Lieu<\/div>\n<div class=\"content\">Palais des Festivals, Cannes, France<\/div>\n<\/div>\n<\/div>\n<\/div>\n<p>&nbsp;<\/p>\n<div class=\"galerie_description_fullline with_border\">\n<p>Myl\u00e8ne interpr\u00e8te <em>Optimistique-moi<\/em> pour la premi\u00e8re fois \u00e0 la t\u00e9l\u00e9vision.<br \/>\nElle remporte trois awards lors de la soir\u00e9e (il s&rsquo;agit de la premi\u00e8re \u00e9dition des NRJ Music Awards) : spectacle musical, album francophone et interpr\u00e8te f\u00e9minine francophone.<\/p>\n<p><a href=\"http:\/\/www.mylene.net\/modules\/index.php?r=290\">\u00ab\u00a0NRJ Music Awards 2000\u00a0\u00bb &#8211; Infos &amp; Vid\u00e9os<\/a><\/p>\n<\/div>\n","protected":false},"excerpt":{"rendered":"<p>Photographes Divers Date 22 janvier 2000 Lieu Palais des Festivals, Cannes, France &nbsp; Myl\u00e8ne interpr\u00e8te Optimistique-moi pour la premi\u00e8re fois \u00e0 la t\u00e9l\u00e9vision. Elle remporte trois awards lors de la soir\u00e9e (il s&rsquo;agit de la premi\u00e8re \u00e9dition des NRJ Music Awards) : spectacle musical, album francophone et interpr\u00e8te f\u00e9minine francophone. \u00ab\u00a0NRJ Music Awards 2000\u00a0\u00bb &#8211; &hellip; <a href=\"https:\/\/mig.mylene.net\/galeries-photos-mylene-farmer\/nrj-music-awards-2000-prestation-22-janvier-2000\" class=\"more-link\">Continue reading<span class=\"screen-reader-text\"> \u00ab\u00a0Myl\u00e8ne Farmer &#8211; NRJ Music Awards 2000 &#8211; Prestation &#8211; 22 janvier 2000\u00a0\u00bb<\/span><\/a><\/p>\n","protected":false},"author":2,"featured_media":0,"parent":0,"menu_order":0,"comment_status":"closed","ping_status":"closed","template":"","meta":{"_acf_changed":false,"ngg_post_thumbnail":0,"footnotes":""},"class_list":["post-5699","page","type-page","status-publish","hentry"],"acf":[],"_links":{"self":[{"href":"https:\/\/mig.mylene.net\/galeries-photos-mylene-farmer\/wp-json\/wp\/v2\/pages\/5699","targetHints":{"allow":["GET"]}}],"collection":[{"href":"https:\/\/mig.mylene.net\/galeries-photos-mylene-farmer\/wp-json\/wp\/v2\/pages"}],"about":[{"href":"https:\/\/mig.mylene.net\/galeries-photos-mylene-farmer\/wp-json\/wp\/v2\/types\/page"}],"author":[{"embeddable":true,"href":"https:\/\/mig.mylene.net\/galeries-photos-mylene-farmer\/wp-json\/wp\/v2\/users\/2"}],"replies":[{"embeddable":true,"href":"https:\/\/mig.mylene.net\/galeries-photos-mylene-farmer\/wp-json\/wp\/v2\/comments?post=5699"}],"version-history":[{"count":1,"href":"https:\/\/mig.mylene.net\/galeries-photos-mylene-farmer\/wp-json\/wp\/v2\/pages\/5699\/revisions"}],"predecessor-version":[{"id":24548,"href":"https:\/\/mig.mylene.net\/galeries-photos-mylene-farmer\/wp-json\/wp\/v2\/pages\/5699\/revisions\/24548"}],"wp:attachment":[{"href":"https:\/\/mig.mylene.net\/galeries-photos-mylene-farmer\/wp-json\/wp\/v2\/media?parent=5699"}],"curies":[{"name":"wp","href":"https:\/\/api.w.org\/{rel}","templated":true}]}}