{"id":20116,"date":"2017-10-29T16:00:48","date_gmt":"2017-10-29T15:00:48","guid":{"rendered":"https:\/\/www.mylene.net\/galeries-photos-mylene-farmer\/?page_id=20116"},"modified":"2025-03-26T11:35:16","modified_gmt":"2025-03-26T10:35:16","slug":"mylene-farmer-concert-the-rolling-stones-u-arena-19-octobre-2017","status":"publish","type":"page","link":"https:\/\/mig.mylene.net\/galeries-photos-mylene-farmer\/mylene-farmer-concert-the-rolling-stones-u-arena-19-octobre-2017","title":{"rendered":"Myl\u00e8ne Farmer &#8211; Concert The Rolling Stones &#8211; U Arena &#8211; 19 octobre 2017"},"content":{"rendered":"ngg_shortcode_0_placeholder\n<div class=\"galerie_description\">\n<div class=\"galerie_description_table\">\n<div class=\"galerie_description_line\">\n<div class=\"title themecolored\">Photographe<\/div>\n<div class=\"content\">&#8211;<\/div>\n<\/div>\n<div class=\"galerie_description_line\">\n<div class=\"title themecolored\">Date<\/div>\n<div class=\"content\">19 octobre 2017<\/div>\n<\/div>\n<div class=\"galerie_description_line\">\n<div class=\"title themecolored\">Lieu<\/div>\n<div class=\"content\">U Arena, La D\u00e9fense Paris, France<\/div>\n<\/div>\n<\/div>\n<p>&nbsp;<\/p>\n<div class=\"galerie_description_fullline with_border\">\n<p>Myl\u00e8ne \u00e0 la sortie du concert des Rolling Stones.<br \/>\n\u00c0 ses c\u00f4t\u00e9s Laurent Boutonnat, Thierry Suc et Anthony Souchet. Sur l&rsquo;une des photos, on aper\u00e7oit Florence Foresti, dont les spectacles sont \u00e9galement produits par Thierry Suc.<\/p>\n<\/div>\n<\/div>\n","protected":false},"excerpt":{"rendered":"<p>Photographe &#8211; Date 19 octobre 2017 Lieu U Arena, La D\u00e9fense Paris, France &nbsp; Myl\u00e8ne \u00e0 la sortie du concert des Rolling Stones. \u00c0 ses c\u00f4t\u00e9s Laurent Boutonnat, Thierry Suc et Anthony Souchet. Sur l&rsquo;une des photos, on aper\u00e7oit Florence Foresti, dont les spectacles sont \u00e9galement produits par Thierry Suc.<\/p>\n","protected":false},"author":2,"featured_media":0,"parent":0,"menu_order":0,"comment_status":"closed","ping_status":"closed","template":"","meta":{"_acf_changed":false,"ngg_post_thumbnail":0,"footnotes":""},"class_list":["post-20116","page","type-page","status-publish","hentry"],"acf":[],"_links":{"self":[{"href":"https:\/\/mig.mylene.net\/galeries-photos-mylene-farmer\/wp-json\/wp\/v2\/pages\/20116","targetHints":{"allow":["GET"]}}],"collection":[{"href":"https:\/\/mig.mylene.net\/galeries-photos-mylene-farmer\/wp-json\/wp\/v2\/pages"}],"about":[{"href":"https:\/\/mig.mylene.net\/galeries-photos-mylene-farmer\/wp-json\/wp\/v2\/types\/page"}],"author":[{"embeddable":true,"href":"https:\/\/mig.mylene.net\/galeries-photos-mylene-farmer\/wp-json\/wp\/v2\/users\/2"}],"replies":[{"embeddable":true,"href":"https:\/\/mig.mylene.net\/galeries-photos-mylene-farmer\/wp-json\/wp\/v2\/comments?post=20116"}],"version-history":[{"count":1,"href":"https:\/\/mig.mylene.net\/galeries-photos-mylene-farmer\/wp-json\/wp\/v2\/pages\/20116\/revisions"}],"predecessor-version":[{"id":24751,"href":"https:\/\/mig.mylene.net\/galeries-photos-mylene-farmer\/wp-json\/wp\/v2\/pages\/20116\/revisions\/24751"}],"wp:attachment":[{"href":"https:\/\/mig.mylene.net\/galeries-photos-mylene-farmer\/wp-json\/wp\/v2\/media?parent=20116"}],"curies":[{"name":"wp","href":"https:\/\/api.w.org\/{rel}","templated":true}]}}