{"id":1732,"date":"2016-05-21T19:49:45","date_gmt":"2016-05-21T18:49:45","guid":{"rendered":"http:\/\/www.mylene.net\/mfv3atw\/galeries-photos-mf\/?page_id=1732"},"modified":"2025-03-25T11:11:34","modified_gmt":"2025-03-25T10:11:34","slug":"jean-patrick-gamet-1986-1","status":"publish","type":"page","link":"https:\/\/mig.mylene.net\/galeries-photos-mylene-farmer\/jean-patrick-gamet-1986-1","title":{"rendered":"Myl\u00e8ne Farmer &#8211; Photographe Jean-Patrick Gamet &#8211; Avril 1986"},"content":{"rendered":"ngg_shortcode_0_placeholder\n<div class=\"galerie_description\">\n<div class=\"galerie_description_table\">\n<div class=\"galerie_description_line\">\n<div class=\"title themecolored\">Photographe<\/div>\n<div class=\"content\">Jean-Patrick Gamet<\/div>\n<\/div>\n<div class=\"galerie_description_line\">\n<div class=\"title themecolored\">Date<\/div>\n<div class=\"content\">Avril 1986<\/div>\n<\/div>\n<div class=\"galerie_description_line\">\n<div class=\"title themecolored\">Lieu<\/div>\n<div class=\"content\">Paris, France<\/div>\n<\/div>\n<\/div>\n<\/div>\n<p>&nbsp;<\/p>\n<div class=\"galerie_description_fullline with_border\">\n<p>\u00a9 JEAN-PATRICK GAMET\/ARCHIVES FILIPACCHI SCOOP<\/p>\n<p>S\u00e9ance photos pour la presse.<br \/>\nPremi\u00e8re publication connue de la s\u00e9ance photos dans le magazine \u00ab\u00a0Podium\u00a0\u00bb en juin 1986.<\/p>\n<\/div>\n","protected":false},"excerpt":{"rendered":"<p>Photographe Jean-Patrick Gamet Date Avril 1986 Lieu Paris, France &nbsp; \u00a9 JEAN-PATRICK GAMET\/ARCHIVES FILIPACCHI SCOOP S\u00e9ance photos pour la presse. Premi\u00e8re publication connue de la s\u00e9ance photos dans le magazine \u00ab\u00a0Podium\u00a0\u00bb en juin 1986.<\/p>\n","protected":false},"author":2,"featured_media":0,"parent":0,"menu_order":0,"comment_status":"closed","ping_status":"closed","template":"","meta":{"_acf_changed":false,"ngg_post_thumbnail":0,"footnotes":""},"class_list":["post-1732","page","type-page","status-publish","hentry"],"acf":[],"_links":{"self":[{"href":"https:\/\/mig.mylene.net\/galeries-photos-mylene-farmer\/wp-json\/wp\/v2\/pages\/1732","targetHints":{"allow":["GET"]}}],"collection":[{"href":"https:\/\/mig.mylene.net\/galeries-photos-mylene-farmer\/wp-json\/wp\/v2\/pages"}],"about":[{"href":"https:\/\/mig.mylene.net\/galeries-photos-mylene-farmer\/wp-json\/wp\/v2\/types\/page"}],"author":[{"embeddable":true,"href":"https:\/\/mig.mylene.net\/galeries-photos-mylene-farmer\/wp-json\/wp\/v2\/users\/2"}],"replies":[{"embeddable":true,"href":"https:\/\/mig.mylene.net\/galeries-photos-mylene-farmer\/wp-json\/wp\/v2\/comments?post=1732"}],"version-history":[{"count":1,"href":"https:\/\/mig.mylene.net\/galeries-photos-mylene-farmer\/wp-json\/wp\/v2\/pages\/1732\/revisions"}],"predecessor-version":[{"id":24383,"href":"https:\/\/mig.mylene.net\/galeries-photos-mylene-farmer\/wp-json\/wp\/v2\/pages\/1732\/revisions\/24383"}],"wp:attachment":[{"href":"https:\/\/mig.mylene.net\/galeries-photos-mylene-farmer\/wp-json\/wp\/v2\/media?parent=1732"}],"curies":[{"name":"wp","href":"https:\/\/api.w.org\/{rel}","templated":true}]}}