{"id":16330,"date":"2017-04-29T19:43:34","date_gmt":"2017-04-29T18:43:34","guid":{"rendered":"http:\/\/www.mylene.net\/galeries-photos-mylene-farmer\/?page_id=16330"},"modified":"2025-03-26T10:49:38","modified_gmt":"2025-03-26T09:49:38","slug":"mylene-farmer-coulisses-seances-photo-ellen-von-unwerth-2001","status":"publish","type":"page","link":"https:\/\/mig.mylene.net\/galeries-photos-mylene-farmer\/mylene-farmer-coulisses-seances-photo-ellen-von-unwerth-2001","title":{"rendered":"Myl\u00e8ne Farmer &#8211; Coulisses s\u00e9ances photo Ellen Von Unwerth &#8211; 2001"},"content":{"rendered":"ngg_shortcode_0_placeholder\n<div class=\"galerie_description\">\n<div class=\"galerie_description_table\">\n<div class=\"galerie_description_line\">\n<div class=\"title themecolored\">Photographe<\/div>\n<div class=\"content\">&#8211;<\/div>\n<\/div>\n<div class=\"galerie_description_line\">\n<div class=\"title themecolored\">Date<\/div>\n<div class=\"content\">2001<\/div>\n<\/div>\n<div class=\"galerie_description_line\">\n<div class=\"title themecolored\">Lieu<\/div>\n<div class=\"content\">&#8211;<\/div>\n<\/div>\n<\/div>\n<p>&nbsp;<\/p>\n<div class=\"galerie_description_fullline with_border\">\n<p>Photos partag\u00e9es par le styliste <a href=\"https:\/\/www.instagram.com\/alexisarnoult\/\">Alexis Arnoult sur son compte instagram<\/a> le 29 avril 2017.<br \/>\nClich\u00e9s pris pendant la <a href=\"https:\/\/www.mylene.net\/galeries-photos-mylene-farmer\/photographe-ellen-von-unwerth-2001\">s\u00e9ance photo avec Ellen Von Unwerth pour le best of <em>Les mots<\/em><\/a>.<br \/>\nMyl\u00e8ne porte ici la tenue que l&rsquo;on retrouvera sur des supports du single <em>C&rsquo;est une belle journ\u00e9e<\/em>.<\/p>\n<\/div>\n<\/div>\n","protected":false},"excerpt":{"rendered":"<p>Photographe &#8211; Date 2001 Lieu &#8211; &nbsp; Photos partag\u00e9es par le styliste Alexis Arnoult sur son compte instagram le 29 avril 2017. Clich\u00e9s pris pendant la s\u00e9ance photo avec Ellen Von Unwerth pour le best of Les mots. Myl\u00e8ne porte ici la tenue que l&rsquo;on retrouvera sur des supports du single C&rsquo;est une belle journ\u00e9e.<\/p>\n","protected":false},"author":2,"featured_media":0,"parent":0,"menu_order":0,"comment_status":"closed","ping_status":"closed","template":"","meta":{"_acf_changed":false,"ngg_post_thumbnail":0,"footnotes":""},"class_list":["post-16330","page","type-page","status-publish","hentry"],"acf":[],"_links":{"self":[{"href":"https:\/\/mig.mylene.net\/galeries-photos-mylene-farmer\/wp-json\/wp\/v2\/pages\/16330","targetHints":{"allow":["GET"]}}],"collection":[{"href":"https:\/\/mig.mylene.net\/galeries-photos-mylene-farmer\/wp-json\/wp\/v2\/pages"}],"about":[{"href":"https:\/\/mig.mylene.net\/galeries-photos-mylene-farmer\/wp-json\/wp\/v2\/types\/page"}],"author":[{"embeddable":true,"href":"https:\/\/mig.mylene.net\/galeries-photos-mylene-farmer\/wp-json\/wp\/v2\/users\/2"}],"replies":[{"embeddable":true,"href":"https:\/\/mig.mylene.net\/galeries-photos-mylene-farmer\/wp-json\/wp\/v2\/comments?post=16330"}],"version-history":[{"count":1,"href":"https:\/\/mig.mylene.net\/galeries-photos-mylene-farmer\/wp-json\/wp\/v2\/pages\/16330\/revisions"}],"predecessor-version":[{"id":24720,"href":"https:\/\/mig.mylene.net\/galeries-photos-mylene-farmer\/wp-json\/wp\/v2\/pages\/16330\/revisions\/24720"}],"wp:attachment":[{"href":"https:\/\/mig.mylene.net\/galeries-photos-mylene-farmer\/wp-json\/wp\/v2\/media?parent=16330"}],"curies":[{"name":"wp","href":"https:\/\/api.w.org\/{rel}","templated":true}]}}