{"id":16195,"date":"2017-03-19T15:32:07","date_gmt":"2017-03-19T14:32:07","guid":{"rendered":"http:\/\/www.mylene.net\/galeries-photos-mylene-farmer\/?page_id=16195"},"modified":"2025-03-26T10:47:41","modified_gmt":"2025-03-26T09:47:41","slug":"mylene-farmer-tournage-clip-california-1996-photographe-maripol","status":"publish","type":"page","link":"https:\/\/mig.mylene.net\/galeries-photos-mylene-farmer\/mylene-farmer-tournage-clip-california-1996-photographe-maripol","title":{"rendered":"Myl\u00e8ne Farmer &#8211; Tournage clip California &#8211; 1996 &#8211; Photographe : Maripol"},"content":{"rendered":"ngg_shortcode_0_placeholder\n<div class=\"galerie_description\">\n<div class=\"galerie_description_table\">\n<div class=\"galerie_description_line\">\n<div class=\"title themecolored\">Photographe<\/div>\n<div class=\"content\">Marpol<\/div>\n<\/div>\n<div class=\"galerie_description_line\">\n<div class=\"title themecolored\">Dates<\/div>\n<div class=\"content\">9,10,11 f\u00e9vrier 1996<\/div>\n<\/div>\n<div class=\"galerie_description_line\">\n<div class=\"title themecolored\">Lieu<\/div>\n<div class=\"content\">Los Angeles, Etats-Unis<\/div>\n<\/div>\n<\/div>\n<\/div>\n<p>&nbsp;<\/p>\n<div class=\"galerie_description_fullline with_border\">\n<p>Photo polaro\u00efd prise sur le tournage du clip par la styliste Maripol et propos\u00e9e dans son livre <em>Maripolarama<\/em> publi\u00e9 en janvier 2006.<br \/>\nClip r\u00e9alis\u00e9 par Abel Ferrara<br \/>\nPage <a href=\"http:\/\/www.mylene.net\/mylene\/c_california.php\">clip <em>California<\/em><\/a><\/p>\n<\/div>\n","protected":false},"excerpt":{"rendered":"<p>Photographe Marpol Dates 9,10,11 f\u00e9vrier 1996 Lieu Los Angeles, Etats-Unis &nbsp; Photo polaro\u00efd prise sur le tournage du clip par la styliste Maripol et propos\u00e9e dans son livre Maripolarama publi\u00e9 en janvier 2006. Clip r\u00e9alis\u00e9 par Abel Ferrara Page clip California<\/p>\n","protected":false},"author":2,"featured_media":0,"parent":0,"menu_order":0,"comment_status":"closed","ping_status":"closed","template":"","meta":{"_acf_changed":false,"ngg_post_thumbnail":0,"footnotes":""},"class_list":["post-16195","page","type-page","status-publish","hentry"],"acf":[],"_links":{"self":[{"href":"https:\/\/mig.mylene.net\/galeries-photos-mylene-farmer\/wp-json\/wp\/v2\/pages\/16195","targetHints":{"allow":["GET"]}}],"collection":[{"href":"https:\/\/mig.mylene.net\/galeries-photos-mylene-farmer\/wp-json\/wp\/v2\/pages"}],"about":[{"href":"https:\/\/mig.mylene.net\/galeries-photos-mylene-farmer\/wp-json\/wp\/v2\/types\/page"}],"author":[{"embeddable":true,"href":"https:\/\/mig.mylene.net\/galeries-photos-mylene-farmer\/wp-json\/wp\/v2\/users\/2"}],"replies":[{"embeddable":true,"href":"https:\/\/mig.mylene.net\/galeries-photos-mylene-farmer\/wp-json\/wp\/v2\/comments?post=16195"}],"version-history":[{"count":1,"href":"https:\/\/mig.mylene.net\/galeries-photos-mylene-farmer\/wp-json\/wp\/v2\/pages\/16195\/revisions"}],"predecessor-version":[{"id":24718,"href":"https:\/\/mig.mylene.net\/galeries-photos-mylene-farmer\/wp-json\/wp\/v2\/pages\/16195\/revisions\/24718"}],"wp:attachment":[{"href":"https:\/\/mig.mylene.net\/galeries-photos-mylene-farmer\/wp-json\/wp\/v2\/media?parent=16195"}],"curies":[{"name":"wp","href":"https:\/\/api.w.org\/{rel}","templated":true}]}}