{"id":16000,"date":"2017-02-22T17:51:26","date_gmt":"2017-02-22T16:51:26","guid":{"rendered":"http:\/\/www.mylene.net\/galeries-photos-mylene-farmer\/?page_id=16000"},"modified":"2025-03-26T10:45:48","modified_gmt":"2025-03-26T09:45:48","slug":"mylene-farmer-avis-de-recherche-24-fevrier-1989","status":"publish","type":"page","link":"https:\/\/mig.mylene.net\/galeries-photos-mylene-farmer\/mylene-farmer-avis-de-recherche-24-fevrier-1989","title":{"rendered":"Myl\u00e8ne Farmer &#8211; Avis de recherche &#8211; 24 f\u00e9vrier 1989"},"content":{"rendered":"ngg_shortcode_0_placeholder\n<div class=\"galerie_description\">\n<div class=\"galerie_description_table\">\n<div class=\"galerie_description_line\">\n<div class=\"title themecolored\">Photographes<\/div>\n<div class=\"content\">Divers<\/div>\n<\/div>\n<div class=\"galerie_description_line\">\n<div class=\"title themecolored\">Date<\/div>\n<div class=\"content\">24 f\u00e9vrier 1989 (diffusion)<\/div>\n<\/div>\n<div class=\"galerie_description_line\">\n<div class=\"title themecolored\">Lieu<\/div>\n<div class=\"content\">Paris, France<\/div>\n<\/div>\n<\/div>\n<p>&nbsp;<\/p>\n<div class=\"galerie_description_fullline with_border\">\n<p>Emission pr\u00e9sent\u00e9e par Patrick Sabatier et diffus\u00e9e en prime time le vendredi sur TF1.<br \/>\nMyl\u00e8ne interpr\u00e8te pour la premi\u00e8re fois \u00e0 la t\u00e9l\u00e9vision <em>Sans Logique<\/em>.<\/p>\n<p><a href=\"http:\/\/www.mylene.net\/modules\/index.php?r=386\">\u00ab\u00a0Avis de recherche\u00a0\u00bb sur TF1 le 24 f\u00e9vrier 1989<\/a> &#8211; Infos &amp; Vid\u00e9o<\/p>\n<\/div>\n<\/div>\n","protected":false},"excerpt":{"rendered":"<p>Photographes Divers Date 24 f\u00e9vrier 1989 (diffusion) Lieu Paris, France &nbsp; Emission pr\u00e9sent\u00e9e par Patrick Sabatier et diffus\u00e9e en prime time le vendredi sur TF1. Myl\u00e8ne interpr\u00e8te pour la premi\u00e8re fois \u00e0 la t\u00e9l\u00e9vision Sans Logique. \u00ab\u00a0Avis de recherche\u00a0\u00bb sur TF1 le 24 f\u00e9vrier 1989 &#8211; Infos &amp; Vid\u00e9o<\/p>\n","protected":false},"author":2,"featured_media":0,"parent":0,"menu_order":0,"comment_status":"closed","ping_status":"closed","template":"","meta":{"_acf_changed":false,"ngg_post_thumbnail":0,"footnotes":""},"class_list":["post-16000","page","type-page","status-publish","hentry"],"acf":[],"_links":{"self":[{"href":"https:\/\/mig.mylene.net\/galeries-photos-mylene-farmer\/wp-json\/wp\/v2\/pages\/16000","targetHints":{"allow":["GET"]}}],"collection":[{"href":"https:\/\/mig.mylene.net\/galeries-photos-mylene-farmer\/wp-json\/wp\/v2\/pages"}],"about":[{"href":"https:\/\/mig.mylene.net\/galeries-photos-mylene-farmer\/wp-json\/wp\/v2\/types\/page"}],"author":[{"embeddable":true,"href":"https:\/\/mig.mylene.net\/galeries-photos-mylene-farmer\/wp-json\/wp\/v2\/users\/2"}],"replies":[{"embeddable":true,"href":"https:\/\/mig.mylene.net\/galeries-photos-mylene-farmer\/wp-json\/wp\/v2\/comments?post=16000"}],"version-history":[{"count":1,"href":"https:\/\/mig.mylene.net\/galeries-photos-mylene-farmer\/wp-json\/wp\/v2\/pages\/16000\/revisions"}],"predecessor-version":[{"id":24716,"href":"https:\/\/mig.mylene.net\/galeries-photos-mylene-farmer\/wp-json\/wp\/v2\/pages\/16000\/revisions\/24716"}],"wp:attachment":[{"href":"https:\/\/mig.mylene.net\/galeries-photos-mylene-farmer\/wp-json\/wp\/v2\/media?parent=16000"}],"curies":[{"name":"wp","href":"https:\/\/api.w.org\/{rel}","templated":true}]}}